- 8*u - 9. Let r be t(-6). Let g be z(r). Suppose l - 410 = -4*w, 3*l - 8 = g*l. List the prime factors of w.
103
Let k(y) = y**2 - 18*y - 22. Let o be k(20). Let g(w) = w**3 - 16*w**2 - 7*w - 26. List the prime factors of g(o).
2, 31
Let j(w) = -256*w**3 - 4*w**2 + 64*w - 15. List the prime factors of j(-7).
87149
Let i(b) = b**2 + 32*b + 138. Let m be i(-27). Let g(v) = 175*v - 59. What are the prime factors of g(m)?
2, 233
Let d = 105 - 106. Let x be d/(3/(-288)*3). Suppose q + x = 2*p + 104, -3*q + 4*p = -226. List the prime factors of q.
2, 41
Let i = -468 - -1680. Suppose 5*j = -4*h + 1506, 5*h = 4*j + h - i. List the prime factors of j.
2, 151
Let k = -33110 - -47749. What are the prime factors of k?
14639
Let z be 78*(-6)/24*16/(-3). Let b = -78 - z. Let u = b + 339. What are the prime factors of u?
157
Let a(g) = g**2 + 20*g + 8. Let u be a(-20). Suppose 3*v - u*v = -3*s - 195, 51 = v - 3*s. List the prime factors of (-6)/21 - -74*v/14.
2, 5, 19
Let u = -50 - 190. Let a = 412 + 16. Let f = a + u. List the prime factors of f.
2, 47
Suppose -5*y = -1044 - 1086. Let n = 826 - y. What are the prime factors of n?
2, 5
Suppose 4*t = 3*t - 11. Let s(q) = 0*q**2 + 13 + 10*q - 2*q**2 - 16 + 14 - 32*q. List the prime factors of s(t).
11
Let t be 144/108*(-18)/(-8). Suppose -8 = 2*a, t*b + 2*b + 2*a = 2432. List the prime factors of b.
2, 61
List the prime factors of (90 - -14)/(7/714).
2, 3, 13, 17
Let h(k) = 4149*k**2 - 41*k - 77. List the prime factors of h(-2).
13, 1277
Suppose 5*d + 5*w - 45545 - 52465 = 0, 5*w = 5*d - 97940. What are the prime factors of d?
5, 3919
Suppose -155*m = -158*m + 9. Suppose 3*l - 3*p + 410 = 7*l, l - 95 = m*p. What are the prime factors of l?
101
Suppose 0 = -2*n - 0*j - 4*j - 1694, -3*j + 3366 = -4*n. Let h = n + 1491. What are the prime factors of h?
2, 3
Let t = 38 + -14. Let v(u) = t + 4*u + 3*u + 3*u - 5*u. What are the prime factors of v(8)?
2
Let g = 100 - 390. What are the prime factors of ((-4)/(-8) - 1)*g?
5, 29
Suppose 7*v - 2*j = 8*v - 4841, -5*v = 3*j - 24219. List the prime factors of v.
3, 5, 17, 19
Let f(u) = 11 - 8*u - 2 + 155*u**2 - 67*u**2 - 2 - u**3 - 78*u**2. Let g be 1/2 + (-34)/(-4). List the prime factors of f(g).
2
Suppose -2937*t + 2934*t + 9 = 0. List the prime factors of 21*t/9 - -884.
3, 11
Let d(w) = w**3 + 17*w**2 - 3*w - 18. Let z be d(-18). Let y = z + 645. List the prime factors of y.
3, 7, 17
Let h(t) = -t**3 - 4*t**2 - 2*t. Let g be (-8)/(-40) - (-118)/10. Let s(n) = -n**3 + 14*n**2 - 24*n - 5. Let b be s(g). List the prime factors of h(b).
5, 7
Let k(r) = -r**3 + 16*r**2 + 59*r - 36. Let s be k(19). Suppose -2*p + 1413 = z, -719 = 3*p - 4*p + s*z. List the prime factors of p.
709
Let w be (2/(-2 + 0))/(3/(-132)). Let b = w + -38. List the prime factors of (2742/(-15))/(-2) + b/(-15).
7, 13
List the prime factors of (5 + 601)/(-10 + 2954/294).
2, 3, 7, 101
Suppose -17 = 5*l - 2*d - 122, -l = 5*d - 48. Let a(v) = 2*v**2 - 17*v + 104. What are the prime factors of a(l)?
3, 257
Suppose 0 = -5*q - 4*y - y + 215, q - 2*y - 34 = 0. Let t = q - 38. Suppose t*i - 208 = -2*f, f = -5*i - 0*f + 520. What are the prime factors of i?
2, 13
Let k(x) = -x**3 + 8*x**2 + 5*x + 9. Let b be k(8). Let r = -49 + b. Suppose r*j + 2*d = 3*j - 263, j - 3*d - 97 = 0. List the prime factors of j.
5, 17
Let u = 475 - 1023. Let i be (-3)/(18/u) + 2/3. Let g = 120 - i. What are the prime factors of g?
2, 7
Let z(i) = 1057*i - 49. Let x be z(1). Let w = x - 993. What are the prime factors of w?
3, 5
Let x(r) = r**2 + 9*r + 21. Let b be x(-3). Suppose -b*n + 748 = 5*j, 2*n + j = n + 246. What are the prime factors of n?
241
Let i(z) = -18*z - 139. Let p be i(0). Let d = 203 + p. List the prime factors of d.
2
Let o = 12 - -144. Let z = o - -333. List the prime factors of z.
3, 163
Suppose -5*o = 4*n + 44 + 23, 3*n = -2*o - 59. What are the prime factors of n*(4 - 3)*(9 + -14)?
5, 23
Let u(c) be the first derivative of -3*c**4 - 2*c**3/3 + 7*c**2/2 + 4*c + 19. List the prime factors of u(-4).
2, 89
Suppose -2*y + 118902 = 9*y + 10*y. What are the prime factors of y?
2, 19, 149
Let k(o) = -2*o**2 - 18*o - 2. Let y(h) = h**3 - 4*h**2 + h - 2. Let d be y(2). Let z be -12*(d/(-42))/((-14)/(-49)). List the prime factors of k(z).
2, 7
Let f(b) = -28*b - 58. Let d be f(-6). List the prime factors of -1 - ((-14390)/d + 2/(-11)).
2, 5, 13
Let g = -11 - -15. Suppose -4*d + m + 33 = 0, -4*m = -g*d + 40 + 8. Let w = 19 - d. List the prime factors of w.
2, 3
Let z(p) = 17*p**2 + 2*p + 1. Let o be z(-1). Suppose 408 = -10*y + o*y. Suppose -5*j + 42 + y = 0. List the prime factors of j.
2, 11
Let k = 89 + -600. Let r = 730 + k. Suppose 4*c + 0*c - 297 = 3*j, -3*j - r = -3*c. What are the prime factors of c?
2, 3, 13
Let q be (369/36 + 3/(-4))/(1/46). Let r(s) = -307*s**2 + s. Let k be r(1). Let d = q + k. What are the prime factors of d?
131
Suppose -22 = -14*d + 76. Let c(r) = -r**3 + 9*r**2 - 13*r - 3. Let i be c(d). Suppose -2*y + 5*j = i - 17, -10 = -3*y - 2*j. What are the prime factors of y?
2
Let p(j) = 3*j**2 + 8*j + 56. Let c be -11 - 2*2/(4/(-1)). What are the prime factors of p(c)?
2, 3, 23
Let y = 22423 - 15045. What are the prime factors of y?
2, 7, 17, 31
Let b(s) = -3*s + 5 - 19 + 12. Let y be b(-4). Let u = y + -8. List the prime factors of u.
2
Let j = -11 - -22. Suppose -27 - j = -2*i. Suppose 2*s = 33 + i. What are the prime factors of s?
2, 13
Let f(l) = 266*l**3 - 3*l**2 - 43*l + 53. List the prime factors of f(3).
7079
Suppose 0 = 46*w - 2943511 - 28043. List the prime factors of w.
3, 61, 353
Suppose 0 = -5*c + 15, -z - 868 = 3*c - 10023. List the prime factors of z.
2, 17, 269
Let k(y) = -307*y**3 + 14*y**2 - 41*y - 6. What are the prime factors of k(-6)?
2, 3, 11, 127
Let f(d) = 9*d**3 - 160*d**2 - d + 240. What are the prime factors of f(28)?
2, 5, 3617
Let t = -15 + 9. Let y(j) = 10*j**2 + 22*j + 70. Let z(w) = 4*w**2 + 11*w + 31. Let h(s) = 3*y(s) - 7*z(s). List the prime factors of h(t).
131
Suppose 0 = -y - 352 + 2595. Suppose -h = -5*k - 683 + 212, -5*h - 3*k = -y. List the prime factors of h.
11, 41
Suppose 7 = -b - 24. Let m be (-6 - b)*4/5. Suppose 3*y = u + m + 387, 3*y - 395 = 4*u. List the prime factors of y.
137
Let w = -66 - -316. Suppose -520 = -5*s - w. List the prime factors of s.
2, 3
Suppose -2*a + 94*f - 99*f + 2800 = 0, 5*a - 7027 = f. List the prime factors of a.
5, 281
Let x(c) = 50*c**2 + 2. Suppose 3*s = 5*l - 35, 0 = -0*l + 2*l - 4*s. Suppose 5*t = l*t + 10. List the prime factors of x(t).
2, 101
Suppose -28*t - 120 = -33*t. What are the prime factors of 6/t*20*103?
5, 103
Let i be 6*(-2)/3 + 3 + 1. Suppose -6*l + 97 + 1001 = i. What are the prime factors of l?
3, 61
Let q(w) = 15*w + 141. Let p(u) = -3*u - 28. Let c be (-21 - -18)*(-5)/3. Let z(n) = c*q(n) + 24*p(n). What are the prime factors of z(14)?
3, 5
Let l be (4 - 70/15)/((-2)/(-3)). Let h be (l + 0)*(-12 + 45). List the prime factors of (2 + 26/(-6))*h.
7, 11
Let f be (-342)/(-27)*9/(-6). Let v = 12 - f. Let s = 104 - v. List the prime factors of s.
73
Let l = 6986 - -3830. List the prime factors of l.
2, 13
Suppose 0 = 2*w + 3*a - 30606, -201*w - 4*a = -200*w - 15313. List the prime factors of w.
3, 5099
Let p(x) = x**3 + 9*x**2 + 6*x - 12. Let h be p(-8). Let w(u) = 5*u - 21*u - h + 31. What are the prime factors of w(-6)?
3, 41
What are the prime factors of ((-2562)/(-4))/(147/1470)?
3, 5, 7, 61
Let j = 2 - 3. Let u be 61/(-305)*(-10)/1. List the prime factors of (26/j*-1)/u.
13
Suppose 5*h + 16 = h. Let z be 5/(1 - h)*34. Suppose 171 = 5*m - z. What are the prime factors of m?
41
Suppose -26 = 2*b + 4. Let z = 11 + b. List the prime factors of 2/(-4) - 53/z*2.
2, 13
Let y = 17 + -15. Let g(o) be the second derivative of 9*o**5/20 - o**4/12 + o**3/6 - o**2/2 + 47*o. List the prime factors of g(y).
3, 23
Let g = 37082 + -25453. List the prime factors of g.
29, 401
Let k(v) be the second derivative of -28*v**3/3 - v**2 - 53*v. Let h be k(-2). Let t = 365 - h. List the prime factors of t.
3, 5, 17
Let m(z) = -z**2 + z + 2. Let d be (-9)/(-6) + (25/10 - 4). Let r be m(d). Suppose r*l - 45 = -5. What are the prime factors of l?
2, 5
Let j be (-278)/(-1251) + (-34)/(-9) + 0. Suppose -4*p - 5*n = -5546, j*p - p 